 base 2, what is -1010100110011 + 10101000010101?
1010011100010
In base 9, what is 3466 + 71273?
74750
In base 11, what is -49 - -134640?
1345a2
In base 13, what is -2 - a5cbc6?
-a5cbc8
In base 3, what is -20212222010111 + 2200?
-20212222000211
In base 11, what is 5 + 11396160?
11396165
In base 5, what is 34042422411 - 3?
34042422403
In base 9, what is -71146665 + -4?
-71146670
In base 11, what is -1 + -22434396?
-22434397
In base 7, what is -40454300 + -40?
-40454340
In base 2, what is 1011100000 + 11100001110110100?
11100011010010100
In base 5, what is -22001032 + 1234?
-21444243
In base 4, what is 20322002 - -1333032?
22321100
In base 13, what is -b151 + 5b2?
-a86c
In base 5, what is -23024123 - 232?
-23024410
In base 7, what is -1 - 36300511?
-36300512
In base 11, what is 9 - 4842000?
-4841aa2
In base 3, what is -122012021 + 21010?
-121221011
In base 12, what is -670b0 - 116?
-67206
In base 16, what is 1370aa3 + -e?
1370a95
In base 8, what is 107 - 1157241?
-1157132
In base 4, what is -110200 + 113321?
3121
In base 8, what is 1443 + -22236?
-20573
In base 16, what is 1 - -190faac?
190faad
In base 16, what is -36cdd8 - -b?
-36cdcd
In base 11, what is -1 + -405226?
-405227
In base 9, what is -74 + 142040?
141855
In base 15, what is -481 - 12085?
-12516
In base 14, what is 2 + -1823c018?
-1823c016
In base 15, what is 162831 + b?
16283c
In base 3, what is -1022 - -100201121?
100200022
In base 15, what is -701 + -35a4?
-3ca5
In base 7, what is 333631144 - 3?
333631141
In base 5, what is -33032030 - 2?
-33032032
In base 10, what is -870469 - 3?
-870472
In base 6, what is -201401200 - -3?
-201401153
In base 11, what is 4 - -1107aa4?
1107aa8
In base 2, what is 10110 - -101010000001100111110001?
101010000001101000000111
In base 13, what is 3926 + 11003?
14929
In base 6, what is -3444 - -34241?
30353
In base 16, what is 4 - 33f9ad?
-33f9a9
In base 3, what is -112202 - -110112220?
110000011
In base 4, what is -1013 + -213013201202?
-213013202221
In base 11, what is -30 + -a9665?
-a9695
In base 2, what is 111000101011101001 - -11001001110?
111001000100110111
In base 7, what is -3 + -10434014646?
-10434014652
In base 7, what is -2462023 + 2422?
-2456301
In base 3, what is -101220 - -102012012?
101210022
In base 16, what is -b + 24707c?
247071
In base 6, what is -12001342 + 10?
-12001332
In base 8, what is 11012 + -3141?
5651
In base 6, what is -131441 + 5135?
-122302
In base 16, what is -1 + -a89234d?
-a89234e
In base 11, what is -33173950 - 4?
-33173954
In base 3, what is 21000111111 - 0?
21000111111
In base 14, what is -296dd0 + -36?
-297026
In base 6, what is -214051203 + -1?
-214051204
In base 6, what is 3333 + -12045?
-4312
In base 8, what is 2 + 63346246?
63346250
In base 3, what is -100010021202210222 + -20?
-100010021202211012
In base 7, what is -41021 - -12324?
-25364
In base 13, what is 5c01537 + 14?
5c0154b
In base 6, what is 1431545544 + 31?
1431550015
In base 2, what is 101 + 111111000101111000?
111111000101111101
In base 4, what is 2231 + 11310232?
11313123
In base 5, what is 20 + -32230044141?
-32230044121
In base 3, what is 2122221 + -212221112?
-210021121
In base 2, what is -111 + 1011010111001111001100?
1011010111001111000101
In base 11, what is -1271 + 4744?
3483
In base 14, what is -1822 + -859b?
-9dbd
In base 3, what is -10 + 1111222112020?
1111222112010
In base 15, what is 1ed1 + 1422a?
1620b
In base 14, what is -88028c - -30?
-88025c
In base 3, what is 2100010111 - 10?
2100010101
In base 14, what is 46c7 - -22657?
26d40
In base 9, what is -58324 - -27663?
-30551
In base 3, what is 101021 - -2210100210022?
2210101011120
In base 12, what is -4 + 85a4b0b?
85a4b07
In base 5, what is -4 - 133211130132?
-133211130141
In base 4, what is 223113113232 + 10?
223113113302
In base 12, what is b2134 + 84?
b21b8
In base 9, what is -4573208 - 4?
-4573213
In base 9, what is -344 - -48660?
48315
In base 13, what is 28b - 8579?
-82bb
In base 6, what is 2005044214 + -4?
2005044210
In base 12, what is 31b89b + -14?
31b887
In base 5, what is 44 - 302410402?
-302410303
In base 12, what is 5448140 - -1?
5448141
In base 13, what is 7b3cac - 10?
7b3c9c
In base 6, what is 30 - -134204515?
134204545
In base 3, what is 212220 + 20111002?
21100222
In base 6, what is 30444553 - 131?
30444422
In base 8, what is -52066153 - 0?
-52066153
In base 9, what is 1 - -357311?
357312
In base 12, what is aba5 + a49?
ba32
In base 15, what is a - -8a788?
8a793
In base 4, what is 113103 + -103213330?
-103100221
In base 9, what is 88 - -10662613?
10662712
In base 16, what is -cab05 - e?
-cab13
In base 16, what is 530ca656 + 0?
530ca656
In base 14, what is 2a38917d - -3?
2a389182
In base 7, what is -3266 + 60514?
54215
In base 2, what is 100001010101001 - -1101111110010?
101111010011011
In base 4, what is -112 + 3321233211?
3321233033
In base 9, what is 1362054 - 21?
1362033
In base 5, what is 1124300114 + -3?
1124300111
In base 15, what is 0 - 6bca52?
-6bca52
In base 14, what is -1466 + 3cc?
-1078
In base 9, what is -358330161 + 0?
-358330161
In base 13, what is -b - 3a633?
-3a641
In base 6, what is -2003330 + -5120?
-2012450
In base 2, what is 101 - 100000001000011?
-100000000111110
In base 5, what is 12 - 1431113030?
-1431113013
In base 10, what is 94927857 - 5?
94927852
In base 12, what is -1 - -3707826a?
37078269
In base 2, what is -100111010 + 10110011001000?
10101110001110
In base 3, what is 211122210101101 + 10?
211122210101111
In base 5, what is -34211322 - 20?
-34211342
In base 15, what is d07ea4 - 5?
d07e9e
In base 11, what is -1 - -559399?
559398
In base 6, what is -25 + 5340055?
5340030
In base 5, what is 143221121203 + 0?
143221121203
In base 7, what is -5 + 101052510?
101052502
In base 14, what is -495 + 177d?
12c8
In base 14, what is -42a8430 + 5?
-42a8429
In base 6, what is -4 - 220014320?
-220014324
In base 14, what is 217 + 1c88a?
1caa3
In base 10, what is 10 - -691694?
691704
In base 13, what is 26c8699 - 2?
26c8697
In base 5, what is -2 - 21200230014?
-21200230021
In base 7, what is -21 + -44363521?
-44363542
In base 3, what is 2111001221 - 212020?
2110012201
In base 3, what is -110210212 - -1221220220?
1111010001
In base 14, what is 11671 + 139a?
12a2b
In base 16, what is -3 + -3231f7c?
-3231f7f
In base 7, what is -63 + -3502116?
-3502212
In base 11, what is 2949242 + 10?
2949252
In base 9, what is 2 - 428186246?
-428186244
In base 5, what is 3 - 12231034233?
-12231034230
In base 12, what is 19226 + -135?
190b1
In base 2, what is -1010011010100000001 - -1001111?
-1010011010010110010
In base 3, what is -111221002022120 - -10012?
-111221002012101
In base 16, what is -b + -b94d19?
-b94d24
In base 7, what is 10122213 + 1?
10122214
In base 11, what is 8a06789 - 3?
8a06786
In base 11, what is -163a + 28593?
26a54
In base 4, what is -11222 - -121011200?
120333312
In base 16, what is 3 + -30b73d3?
-30b73d0
In base 5, what is 11 + -110102031204?
-110102031143
In base 3, what is -11 + -22020101202?
-22020101220
In base 14, what is -6d7 - -48a0?
41a7
In base 7, what is 43 - -14410263?
14410336
In base 16, what is ab0f + -325?
a7ea
In base 4, what is -20002 - 202000021?
-202020023
In base 14, what is -27 - 23733?
-2375a
In base 15, what is -2b0 - 1ae271?
-1ae531
In base 7, what is -26463 - -346013?
316220
In base 4, what is -30212111101 - -121?
-30212110320
In base 9, what is 1131 - -2331330?
2332461
In base 5, what is -1023411012301 + -2?
-1023411012303
In base 3, what is -220222102011222121 + -10?
-220222102011222201
In base 14, what is -3 + -8a8188?
-8a818b
In base 7, what is 153103 + -1206?
151564
In base 6, what is 1101022153 + -1?
1101022152
In base 16, what is 1236 - b6f?
6c7
In base 15, what is 3 + -1975b07?
-1975b04
In base 14, what is -39 + -319417?
-319452
In base 5, what is 3424223 + 220?
3424443
In base 15, what is -27b + c5e?
9d3
In base 6, what is 34405052 + -522?
34404130
In base 10, what is 285321 - -797?
286118
In base 9, what is -50183 + -4085?
-54278
In base 2, what is 1011011101 + -111010010000010111?
-111010000100111010
In base 2, what is -1000001001100010000110111101 - 0?
-1000001001100010000110111101
In base 3, what is 22010 + -2001121200?
-2001022120
In base 15, what is -2 - 3373ed?
-337400
In base 5, what is 233324 + 12342?
301221
In b